t l(i) = -196*i + 5. Give l(0).
5
Let j(s) = -s**3 + 19*s**2 + 76*s - 2000. What is j(15)?
40
Let s(f) = 216*f - 5826. Calculate s(27).
6
Let a(w) = -w - 17. Determine a(-4).
-13
Let t(x) = -24*x + 1096. Give t(54).
-200
Let w(v) = 55*v + 716. Give w(-13).
1
Let l(q) = -161*q + 31389. Determine l(195).
-6
Let f(x) = -3*x**3 - 84*x**2 - 9*x - 247. What is f(-28)?
5
Let m(v) = -737*v + 2212. Give m(3).
1
Let v(k) = 14*k**2 - 113*k + 11. Determine v(8).
3
Let r(y) = -y**2 - 35*y - 29. Determine r(-34).
5
Let q(k) = 1547*k + 16992. Determine q(-11).
-25
Let o(j) = 145*j + 574. Calculate o(-4).
-6
Let q(b) = -b**3 - 13*b**2 + 164*b + 4. Determine q(8).
-28
Let x(i) = 257*i + 16423. Give x(-64).
-25
Let i(a) = -8*a**3 - 79*a**2 + 32*a + 223. Determine i(-10).
3
Let s(y) = 13*y + 175. Give s(-33).
-254
Let h(r) = -r**3 - 24*r**2 - 73*r + 20. Give h(-21).
230
Let j(o) = 2*o**3 + 147*o**2 - 241*o - 1221. What is j(-75)?
-21
Let j(d) = 196*d + 3501. What is j(-18)?
-27
Let a(f) = -2*f**3 - 22*f**2 + 28*f + 53. Give a(-12).
5
Let o(i) = i**3 + 68*i**2 - 227*i - 10905. Give o(-69).
-3
Let b(j) = -3*j**3 + 112*j**2 + 133*j + 2416. Determine b(39).
-2
Let f(q) = -2*q**3 - 186*q**2 - 360*q + 375. Determine f(-91).
11
Let o(q) = 41*q**3 - 3*q**2 - 2*q + 1. Calculate o(-2).
-335
Let r(m) = 5*m - 43. Determine r(-18).
-133
Let x(y) = -670*y - 145390. Determine x(-217).
0
Let w(c) = -2*c**3 - 20*c**2 + 13*c + 21. What is w(-10)?
-109
Let w(k) = -2*k**3 - 118*k**2 + 633*k + 11. What is w(5)?
-24
Let w(j) = 3*j**2 - 52*j - 91. Give w(19).
4
Let l(w) = -w**3 - 17*w**2 - w + 242. Calculate l(-16).
2
Let p(g) = 2*g**2 + 91*g + 835. What is p(-12)?
31
Let v(o) = -9*o**2 + 316*o - 337. Give v(34).
3
Let m(q) = 15*q**2 - 66*q - 67. Determine m(-1).
14
Let r(y) = 809*y + 5768. Calculate r(-7).
105
Let b(r) = 25*r - 334. What is b(13)?
-9
Let t(r) = 13*r**2 + 9*r - 8. Give t(0).
-8
Let u(n) = -n**3 - 35*n**2 + 115*n + 33. What is u(-38)?
-5
Let a(r) = 2*r**3 + 27*r**2 + 4*r - 80. What is a(-14)?
-332
Let z(v) = -v**3 - 10*v**2 + 10*v + 24. Determine z(-8).
-184
Let c(b) = 78*b + 10880. What is c(-139)?
38
Let f(d) = -2*d**3 + 6*d**2 + 411*d - 1247. Determine f(3).
-14
Let o(i) = -989*i - 2969. Determine o(-3).
-2
Let t(m) = -m**3 - 38*m**2 + 313*m - 106. What is t(-45)?
-16
Let k(g) = 2*g**3 + 43*g**2 - 19*g + 1133. What is k(-23)?
-17
Let o(q) = q**3 - 145*q**2 + 281*q + 717. Determine o(143).
2
Let w(i) = -i**3 - 32*i**2 - 12*i - 404. Determine w(-32).
-20
Let n(g) = 56*g + 1166. What is n(-22)?
-66
Let m(w) = 5*w**3 - 841*w**2 + 172*w - 699. Give m(168).
-27
Let c(h) = h**3 + 26*h**2 + 78*h + 35. Give c(-23).
-172
Let y(l) = 23*l**2 - 7*l + 12. What is y(4)?
352
Let f(m) = 3*m**2 - 9*m + 8. Determine f(5).
38
Let g(v) = -9*v**2 + 3*v - 11. Determine g(3).
-83
Let i(t) = -8*t**3 + 35*t**2 - 14*t + 43. Determine i(4).
35
Let s(m) = -4*m**3 - 419*m**2 + 101*m - 416. Calculate s(-105).
4
Let w(r) = -15*r - 344. Give w(-13).
-149
Let y(z) = -42*z - 5245. Determine y(-126).
47
Let b(v) = -v**3 + 7*v**2 - 7*v - 3. Determine b(5).
12
Let d(v) = -139*v + 19739. Give d(142).
1
Let q(s) = s**2 + 87*s + 548. What is q(-79)?
-84
Let j(x) = 17*x**2 + 31*x - 78. Calculate j(2).
52
Let i(h) = 58*h - 2308. Calculate i(40).
12
Let p(x) = 8*x**3 + x**2 + 16*x + 14. Determine p(-1).
-9
Let s(o) = -o**3 - 18*o**2 - 2*o + 11. Determine s(-18).
47
Let u(v) = -3*v**2 + 15*v + 374. Determine u(13).
62
Let o(g) = g**3 - 12*g**2 + 36*g - 9. Give o(7).
-2
Let k(t) = 4*t**2 + 29*t - 1379. What is k(15)?
-44
Let s(h) = -5*h**2 - 53*h - 88. Calculate s(-2).
-2
Let d(w) = -w**3 + 13*w**2 + 18*w + 45. Determine d(14).
101
Let m(h) = -4*h + 216. What is m(8)?
184
Let v(g) = 37*g**2 + 5*g + 10. What is v(1)?
52
Let z(i) = -i**3 - 41*i**2 + 742*i + 23562. What is z(-46)?
10
Let h(o) = o**3 - 20*o**2 + 19*o - 1. Calculate h(19).
-1
Let r(o) = 2*o**2 + 235*o + 2259. Give r(-107).
12
Let m(r) = 2*r**2 - 20*r + 22. What is m(8)?
-10
Let a(x) = -x**2 + 71*x + 1514. Calculate a(-17).
18
Let d(t) = 367*t + 7700. Give d(-21).
-7
Let c(r) = r**2 - 45*r - 142. Calculate c(48).
2
Let y(w) = 918*w - 9182. Determine y(10).
-2
Let k(x) = -366*x + 312. Determine k(1).
-54
Let m(f) = 535*f - 11236. Give m(21).
-1
Let a(o) = -69*o - 8482. Give a(-123).
5
Let x(r) = 48*r**2 - 51*r - 13. What is x(3)?
266
Let l(z) = -248*z - 20. Calculate l(-2).
476
Let j(k) = -30*k**2 - 117*k - 66. Calculate j(-3).
15
Let q(l) = -126*l + 4505. What is q(33)?
347
Let q(p) = -p**2 - 13*p - 49. Calculate q(-3).
-19
Let v(g) = -g**2 + 33*g + 503. Calculate v(-10).
73
Let d(h) = 13*h**2 + 39*h - 154. Give d(4).
210
Let a(v) = -v**3 + 2*v**2 + 59*v - 84. Give a(8).
4
Let x(q) = -1086*q + 32565. What is x(30)?
-15
Let n(j) = 42*j + 69. What is n(-1)?
27
Let q(w) = 65*w + 334. Calculate q(-2).
204
Let b(r) = 2*r**3 - 267*r**2 - 680*r + 17. Determine b(136).
17
Let h(u) = u**2 + 411*u + 2825. Determine h(-7).
-3
Let v(o) = o**3 - 18*o**2 - 33*o + 138. What is v(19)?
-128
Let p(d) = -d**3 - 11*d**2 - 12*d - 2. What is p(-7)?
-114
Let p(o) = -30*o**2 - 30*o + 103. Determine p(3).
-257
Let m(u) = -45*u - 984. What is m(-22)?
6
Let x(f) = -3*f**2 - 180*f - 2517. Calculate x(-22).
-9
Let j(w) = -2432*w - 46217. What is j(-19)?
-9
Let a(r) = 91*r - 162. Determine a(2).
20
Let j(b) = -6*b**3 - 2375*b**2 + 432*b + 14251. Calculate j(-396).
-5
Let c(a) = a**2 + 8847*a + 176536. Give c(-20).
-4
Let s(b) = -2*b**3 - 13*b**2 + 5*b + 41. Determine s(-4).
-59
Let r(w) = -w**2 - 477*w + 1947. Determine r(4).
23
Let m(x) = 74*x**2 - 443*x - 12. Calculate m(6).
-6
Let n(o) = o**3 - 91*o**2 + 1367*o + 52. Calculate n(72).
-20
Let v(h) = -h**3 - 23*h**2 - 43*h + 83. Determine v(-20).
-257
Let t(m) = 600*m - 10807. Determine t(18).
-7
Let p(y) = -y**2 + 76*y - 1238. Determine p(24).
10
Let n(w) = w**2 - 28*w + 189. Calculate n(12).
-3
Let g(a) = 107*a - 24. Calculate g(-5).
-559
Let a(m) = -157*m**2 - 22*m + 39. What is a(2)?
-633
Let b(m) = -4*m**2 + 24*m + 9. Determine b(6).
9
Let b(t) = -t**3 + 103*t**2 + 86*t + 1804. Calculate b(104).
-68
Let z(w) = -w**3 - 9*w**2 - 12*w + 11. What is z(-6)?
-25
Let v(l) = -81*l**2 + 172*l - 12. Calculate v(2).
8
Let d(q) = -q**2 - 41*q + 167. Calculate d(-44).
35
Let u(j) = 11*j - 102. Determine u(14).
52
Let r(l) = 2*l**2 + 212*l + 490. Determine r(-104).
74
Let p(b) = -274*b + 7393. Give p(27).
-5
Let r(f) = 2*f**3 - 36*f**2 - 3*f + 43. What is r(18)?
-11
Let p(n) = -93*n**2 - 2882*n + 45. Determine p(-31).
14
Let f(s) = -s**3 - 4*s**2 + 101*s - 33. Give f(8).
7
Let c(k) = -k**3 + 4*k**2 + 74*k + 180. Determine c(-4).
12
Let n(g) = -g**2 - 33*g + 628. Calculate n(-47).
-30
Let g(d) = -1752*d + 28038. Determine g(16).
6
Let l(j) = 78*j - 3935. Give l(51).
43
Let l(k) = -22*k + 29. Determine l(-8).
205
Let h(z) = -z**2 - 152*z - 874. Determine h(-6).
2
Let v(h) = h**2 - 34*h + 348. Give v(10).
108
Let g(k) = 5*k**2 + 79*k + 71. What is g(-15)?
11
Let q(c) = 46*c + 2317. What is q(-50)?
17
Let d(g) = 8470*g + 8449. What is d(-1)?
-21
Let x(f) = 1115*f + 26751. Calculate x(-24).
-9
Let m(b) = -b**3 - 41*b**2 - 365*b + 43. What is m(-14)?
-139
Let g(f) = -f**3 + 11*f**2 - 26*f + 12. Calculate g(8).
-4
Let k(j) = -61*j**2 + 4151*j - 200. Calculate k(68).
4
Let i(s) = s**3 + 62*s**2 - 201*s - 395. Calculate i(-65).
-5
Let u(r) = -15*r - 245. Give u(-20).
55
Let h(q) = q**3 + 13*q**2 + 92*q + 477. Give h(-9).
-27
Let o(r) = -2*r + 30. Determine o(-18).
66
Let d(z) = 71*z + 3196. Give d(-45).
1
Let p(w) = -995*w + 70625. What is p(71)?
-20
Let x(c) = -c**2 + 3*c + 79. What is x(-10)?
-51
Let d(u) = -32*u**2 - 104*u - 24. Determine d(-3).
0
Let g(h) = h**3 + 24*h**2 + 51*h + 2713. Calculate g(-26).
35
Let k(v) = v**3 + 46*v**2 + 226*v + 852. Determine k(-41).
-9
Let j(t) = t**2 + 162*t + 4018. Calculate j(-132).
58
Let v(a) = -a**3 + 131*a**2 + 396*a + 3. Give v(-3).
21
Let h(t) = -2*t**3 + 3*t**2 + 18*t - 40. Calculate h(2).
-8
Let h(g) = g**3 + 11*g**2 + 16*g + 10. What is h(-10)?
-50
Let x(a) = 69*a + 82. Give x(0).
82
Let v(d) = -10*d + 78. Calculate v(7).
8
Let f(j) = -j**3 - 141*j**2 - 158*j - 42606. What is f(-142)?
-6
Let a(x) = 2*x**3 + 60*x**2 + x + 65. What is a(-30)?
35
Let r(q) = 93*q**2 - 1. What is r(1)?
92
Let l(g) 